{"id":766,"date":"2025-04-14T14:22:59","date_gmt":"2025-04-14T14:22:59","guid":{"rendered":"https:\/\/www.dive-club.com\/Arena\/?page_id=766"},"modified":"2025-04-14T14:23:02","modified_gmt":"2025-04-14T14:23:02","slug":"conservacion-del-medio-ambiente","status":"publish","type":"page","link":"https:\/\/www.dive-club.com\/Arena\/es\/conservacion-del-medio-ambiente\/","title":{"rendered":"Conservaci\u00f3n del medio ambiente"},"content":{"rendered":"\n<p>En Sinai Dive Club, vemos el oc\u00e9ano como un legado precioso que debe ser protegido para las futuras generaciones. Nuestro enfoque est\u00e1 basado en la sostenibilidad y un profundo respeto por el medio ambiente, asegurando que cada experiencia est\u00e9 alineada con el delicado equilibrio de los ecosistemas marinos. Abogamos por un esn\u00f3rquel y buceo responsables, animando a nuestros hu\u00e9spedes a evitar tocar los corales, molestar a la fauna marina o dejar rastro durante sus excursiones. Cada miembro de nuestro equipo est\u00e1 capacitado para sensibilizar sobre la importancia de proteger los h\u00e1bitats submarinos. Creemos que el verdadero aprecio por el mar comienza con la comprensi\u00f3n, por lo que cada aventura que ofrecemos no es solo un emocionante viaje, sino tambi\u00e9n una oportunidad para educar e inspirar la conservaci\u00f3n marina.<\/p>\n","protected":false},"excerpt":{"rendered":"<p>En Sinai Dive Club, vemos el oc\u00e9ano como un legado precioso que debe ser protegido para las futuras generaciones. Nuestro enfoque est\u00e1 basado en la sostenibilidad y un profundo respeto por el medio ambiente, asegurando que cada experiencia est\u00e9 alineada con el delicado equilibrio de los ecosistemas marinos. Abogamos por un esn\u00f3rquel y buceo responsables, [&hellip;]<\/p>\n","protected":false},"author":4,"featured_media":98,"parent":0,"menu_order":0,"comment_status":"closed","ping_status":"closed","template":"","meta":{"_acf_changed":false,"footnotes":""},"class_list":["post-766","page","type-page","status-publish","has-post-thumbnail","hentry"],"acf":[],"yoast_head":"<!-- This site is optimized with the Yoast SEO plugin v24.8.1 - https:\/\/yoast.com\/wordpress\/plugins\/seo\/ -->\n<title>Conservaci\u00f3n del medio ambiente - Sinai Dive Club Maldives<\/title>\n<meta name=\"description\" content=\"At Sinai Dive Club we protect the sea, ensuring activities in harmony with the ecosystem. Our team raises visitors&#039; awareness of marine conservation.\" \/>\n<meta name=\"robots\" content=\"index, follow, max-snippet:-1, max-image-preview:large, max-video-preview:-1\" \/>\n<link rel=\"canonical\" href=\"https:\/\/www.dive-club.com\/Arena\/es\/conservacion-del-medio-ambiente\/\" \/>\n<meta property=\"og:locale\" content=\"it_IT\" \/>\n<meta property=\"og:type\" content=\"article\" \/>\n<meta property=\"og:title\" content=\"Conservaci\u00f3n del medio ambiente - Sinai Dive Club Maldives\" \/>\n<meta property=\"og:description\" content=\"At Sinai Dive Club we protect the sea, ensuring activities in harmony with the ecosystem. Our team raises visitors&#039; awareness of marine conservation.\" \/>\n<meta property=\"og:url\" content=\"https:\/\/www.dive-club.com\/Arena\/es\/conservacion-del-medio-ambiente\/\" \/>\n<meta property=\"og:site_name\" content=\"Sinai Dive Club Maldives\" \/>\n<meta property=\"article:publisher\" content=\"https:\/\/www.facebook.com\/Sinaidiveclub\" \/>\n<meta property=\"article:modified_time\" content=\"2025-04-14T14:23:02+00:00\" \/>\n<meta property=\"og:image\" content=\"http:\/\/www.dive-club.com\/Arena\/wp-content\/uploads\/2024\/11\/lovely-blue-paint-water-scaled.jpg\" \/>\n\t<meta property=\"og:image:width\" content=\"2560\" \/>\n\t<meta property=\"og:image:height\" content=\"1440\" \/>\n\t<meta property=\"og:image:type\" content=\"image\/jpeg\" \/>\n<meta name=\"twitter:card\" content=\"summary_large_image\" \/>\n<meta name=\"twitter:label1\" content=\"Tempo di lettura stimato\" \/>\n\t<meta name=\"twitter:data1\" content=\"1 minuto\" \/>\n<script type=\"application\/ld+json\" class=\"yoast-schema-graph\">{\"@context\":\"https:\/\/schema.org\",\"@graph\":[{\"@type\":\"WebPage\",\"@id\":\"https:\/\/www.dive-club.com\/Arena\/es\/conservacion-del-medio-ambiente\/\",\"url\":\"https:\/\/www.dive-club.com\/Arena\/es\/conservacion-del-medio-ambiente\/\",\"name\":\"Conservaci\u00f3n del medio ambiente - Sinai Dive Club Maldives\",\"isPartOf\":{\"@id\":\"https:\/\/www.dive-club.com\/Arena\/#website\"},\"primaryImageOfPage\":{\"@id\":\"https:\/\/www.dive-club.com\/Arena\/es\/conservacion-del-medio-ambiente\/#primaryimage\"},\"image\":{\"@id\":\"https:\/\/www.dive-club.com\/Arena\/es\/conservacion-del-medio-ambiente\/#primaryimage\"},\"thumbnailUrl\":\"https:\/\/www.dive-club.com\/Arena\/wp-content\/uploads\/2024\/11\/lovely-blue-paint-water-scaled.jpg\",\"datePublished\":\"2025-04-14T14:22:59+00:00\",\"dateModified\":\"2025-04-14T14:23:02+00:00\",\"description\":\"At Sinai Dive Club we protect the sea, ensuring activities in harmony with the ecosystem. Our team raises visitors' awareness of marine conservation.\",\"breadcrumb\":{\"@id\":\"https:\/\/www.dive-club.com\/Arena\/es\/conservacion-del-medio-ambiente\/#breadcrumb\"},\"inLanguage\":\"it-IT\",\"potentialAction\":[{\"@type\":\"ReadAction\",\"target\":[\"https:\/\/www.dive-club.com\/Arena\/es\/conservacion-del-medio-ambiente\/\"]}]},{\"@type\":\"ImageObject\",\"inLanguage\":\"it-IT\",\"@id\":\"https:\/\/www.dive-club.com\/Arena\/es\/conservacion-del-medio-ambiente\/#primaryimage\",\"url\":\"https:\/\/www.dive-club.com\/Arena\/wp-content\/uploads\/2024\/11\/lovely-blue-paint-water-scaled.jpg\",\"contentUrl\":\"https:\/\/www.dive-club.com\/Arena\/wp-content\/uploads\/2024\/11\/lovely-blue-paint-water-scaled.jpg\",\"width\":2560,\"height\":1440},{\"@type\":\"BreadcrumbList\",\"@id\":\"https:\/\/www.dive-club.com\/Arena\/es\/conservacion-del-medio-ambiente\/#breadcrumb\",\"itemListElement\":[{\"@type\":\"ListItem\",\"position\":1,\"name\":\"Home\",\"item\":\"https:\/\/www.dive-club.com\/Arena\/\"},{\"@type\":\"ListItem\",\"position\":2,\"name\":\"Conservaci\u00f3n del medio ambiente\"}]},{\"@type\":\"WebSite\",\"@id\":\"https:\/\/www.dive-club.com\/Arena\/#website\",\"url\":\"https:\/\/www.dive-club.com\/Arena\/\",\"name\":\"Sinai Dive Club\",\"description\":\"Plan your holiday with Sinai Dive Club Maldives\",\"publisher\":{\"@id\":\"https:\/\/www.dive-club.com\/Arena\/#organization\"},\"potentialAction\":[{\"@type\":\"SearchAction\",\"target\":{\"@type\":\"EntryPoint\",\"urlTemplate\":\"https:\/\/www.dive-club.com\/Arena\/?s={search_term_string}\"},\"query-input\":{\"@type\":\"PropertyValueSpecification\",\"valueRequired\":true,\"valueName\":\"search_term_string\"}}],\"inLanguage\":\"it-IT\"},{\"@type\":\"Organization\",\"@id\":\"https:\/\/www.dive-club.com\/Arena\/#organization\",\"name\":\"Sinai Dive Club\",\"url\":\"https:\/\/www.dive-club.com\/Arena\/\",\"logo\":{\"@type\":\"ImageObject\",\"inLanguage\":\"it-IT\",\"@id\":\"https:\/\/www.dive-club.com\/Arena\/#\/schema\/logo\/image\/\",\"url\":\"http:\/\/www.dive-club.com\/Arena\/wp-content\/uploads\/2024\/12\/logo-blu-pdf.png\",\"contentUrl\":\"http:\/\/www.dive-club.com\/Arena\/wp-content\/uploads\/2024\/12\/logo-blu-pdf.png\",\"width\":200,\"height\":100,\"caption\":\"Sinai Dive Club\"},\"image\":{\"@id\":\"https:\/\/www.dive-club.com\/Arena\/#\/schema\/logo\/image\/\"},\"sameAs\":[\"https:\/\/www.facebook.com\/Sinaidiveclub\"]}]}<\/script>\n<!-- \/ Yoast SEO plugin. -->","yoast_head_json":{"title":"Conservaci\u00f3n del medio ambiente - Sinai Dive Club Maldives","description":"At Sinai Dive Club we protect the sea, ensuring activities in harmony with the ecosystem. Our team raises visitors' awareness of marine conservation.","robots":{"index":"index","follow":"follow","max-snippet":"max-snippet:-1","max-image-preview":"max-image-preview:large","max-video-preview":"max-video-preview:-1"},"canonical":"https:\/\/www.dive-club.com\/Arena\/es\/conservacion-del-medio-ambiente\/","og_locale":"it_IT","og_type":"article","og_title":"Conservaci\u00f3n del medio ambiente - Sinai Dive Club Maldives","og_description":"At Sinai Dive Club we protect the sea, ensuring activities in harmony with the ecosystem. Our team raises visitors' awareness of marine conservation.","og_url":"https:\/\/www.dive-club.com\/Arena\/es\/conservacion-del-medio-ambiente\/","og_site_name":"Sinai Dive Club Maldives","article_publisher":"https:\/\/www.facebook.com\/Sinaidiveclub","article_modified_time":"2025-04-14T14:23:02+00:00","og_image":[{"width":2560,"height":1440,"url":"http:\/\/www.dive-club.com\/Arena\/wp-content\/uploads\/2024\/11\/lovely-blue-paint-water-scaled.jpg","type":"image\/jpeg"}],"twitter_card":"summary_large_image","twitter_misc":{"Tempo di lettura stimato":"1 minuto"},"schema":{"@context":"https:\/\/schema.org","@graph":[{"@type":"WebPage","@id":"https:\/\/www.dive-club.com\/Arena\/es\/conservacion-del-medio-ambiente\/","url":"https:\/\/www.dive-club.com\/Arena\/es\/conservacion-del-medio-ambiente\/","name":"Conservaci\u00f3n del medio ambiente - Sinai Dive Club Maldives","isPartOf":{"@id":"https:\/\/www.dive-club.com\/Arena\/#website"},"primaryImageOfPage":{"@id":"https:\/\/www.dive-club.com\/Arena\/es\/conservacion-del-medio-ambiente\/#primaryimage"},"image":{"@id":"https:\/\/www.dive-club.com\/Arena\/es\/conservacion-del-medio-ambiente\/#primaryimage"},"thumbnailUrl":"https:\/\/www.dive-club.com\/Arena\/wp-content\/uploads\/2024\/11\/lovely-blue-paint-water-scaled.jpg","datePublished":"2025-04-14T14:22:59+00:00","dateModified":"2025-04-14T14:23:02+00:00","description":"At Sinai Dive Club we protect the sea, ensuring activities in harmony with the ecosystem. Our team raises visitors' awareness of marine conservation.","breadcrumb":{"@id":"https:\/\/www.dive-club.com\/Arena\/es\/conservacion-del-medio-ambiente\/#breadcrumb"},"inLanguage":"it-IT","potentialAction":[{"@type":"ReadAction","target":["https:\/\/www.dive-club.com\/Arena\/es\/conservacion-del-medio-ambiente\/"]}]},{"@type":"ImageObject","inLanguage":"it-IT","@id":"https:\/\/www.dive-club.com\/Arena\/es\/conservacion-del-medio-ambiente\/#primaryimage","url":"https:\/\/www.dive-club.com\/Arena\/wp-content\/uploads\/2024\/11\/lovely-blue-paint-water-scaled.jpg","contentUrl":"https:\/\/www.dive-club.com\/Arena\/wp-content\/uploads\/2024\/11\/lovely-blue-paint-water-scaled.jpg","width":2560,"height":1440},{"@type":"BreadcrumbList","@id":"https:\/\/www.dive-club.com\/Arena\/es\/conservacion-del-medio-ambiente\/#breadcrumb","itemListElement":[{"@type":"ListItem","position":1,"name":"Home","item":"https:\/\/www.dive-club.com\/Arena\/"},{"@type":"ListItem","position":2,"name":"Conservaci\u00f3n del medio ambiente"}]},{"@type":"WebSite","@id":"https:\/\/www.dive-club.com\/Arena\/#website","url":"https:\/\/www.dive-club.com\/Arena\/","name":"Sinai Dive Club","description":"Plan your holiday with Sinai Dive Club Maldives","publisher":{"@id":"https:\/\/www.dive-club.com\/Arena\/#organization"},"potentialAction":[{"@type":"SearchAction","target":{"@type":"EntryPoint","urlTemplate":"https:\/\/www.dive-club.com\/Arena\/?s={search_term_string}"},"query-input":{"@type":"PropertyValueSpecification","valueRequired":true,"valueName":"search_term_string"}}],"inLanguage":"it-IT"},{"@type":"Organization","@id":"https:\/\/www.dive-club.com\/Arena\/#organization","name":"Sinai Dive Club","url":"https:\/\/www.dive-club.com\/Arena\/","logo":{"@type":"ImageObject","inLanguage":"it-IT","@id":"https:\/\/www.dive-club.com\/Arena\/#\/schema\/logo\/image\/","url":"http:\/\/www.dive-club.com\/Arena\/wp-content\/uploads\/2024\/12\/logo-blu-pdf.png","contentUrl":"http:\/\/www.dive-club.com\/Arena\/wp-content\/uploads\/2024\/12\/logo-blu-pdf.png","width":200,"height":100,"caption":"Sinai Dive Club"},"image":{"@id":"https:\/\/www.dive-club.com\/Arena\/#\/schema\/logo\/image\/"},"sameAs":["https:\/\/www.facebook.com\/Sinaidiveclub"]}]}},"_links":{"self":[{"href":"https:\/\/www.dive-club.com\/Arena\/wp-json\/wp\/v2\/pages\/766","targetHints":{"allow":["GET"]}}],"collection":[{"href":"https:\/\/www.dive-club.com\/Arena\/wp-json\/wp\/v2\/pages"}],"about":[{"href":"https:\/\/www.dive-club.com\/Arena\/wp-json\/wp\/v2\/types\/page"}],"author":[{"embeddable":true,"href":"https:\/\/www.dive-club.com\/Arena\/wp-json\/wp\/v2\/users\/4"}],"replies":[{"embeddable":true,"href":"https:\/\/www.dive-club.com\/Arena\/wp-json\/wp\/v2\/comments?post=766"}],"version-history":[{"count":1,"href":"https:\/\/www.dive-club.com\/Arena\/wp-json\/wp\/v2\/pages\/766\/revisions"}],"predecessor-version":[{"id":767,"href":"https:\/\/www.dive-club.com\/Arena\/wp-json\/wp\/v2\/pages\/766\/revisions\/767"}],"wp:featuredmedia":[{"embeddable":true,"href":"https:\/\/www.dive-club.com\/Arena\/wp-json\/wp\/v2\/media\/98"}],"wp:attachment":[{"href":"https:\/\/www.dive-club.com\/Arena\/wp-json\/wp\/v2\/media?parent=766"}],"curies":[{"name":"wp","href":"https:\/\/api.w.org\/{rel}","templated":true}]}}