{"id":1110,"date":"2013-02-25T14:22:58","date_gmt":"2013-02-25T14:22:58","guid":{"rendered":"http:\/\/www.dive-club.com\/?page_id=1110"},"modified":"2013-02-25T14:22:58","modified_gmt":"2013-02-25T14:22:58","slug":"langolo-di-sharm","status":"publish","type":"page","link":"https:\/\/www.dive-club.com\/diveclub\/su-di-noi\/langolo-di-sharm\/?lang=it","title":{"rendered":"L&#8217;angolo di Sharm"},"content":{"rendered":"<h3>Sharm el-Sheikh<\/h3>\n<p style=\"text-align: justify;\">La semplicit\u00e0 di sole, mare e sabbia. Il lusso degli hotels 5 stelle, sports acquatici, shopping e divertimento. Questa \u00e8 Sharm el-Sheikh, una delle mete turistiche pi\u00f9 accessibili e sviluppate della Penisola del Sinai. Intorno a Sharm, ci sono i Beduini con le loro tende coloratissime, montagne e mare. Si possono trovare hotels piccoli ed accoglienti arredati in stile moderno cos\u00ec&#8217; come complessi alberghieri pi\u00f9 grandi appartenenti a catene internazionali; inoltre Sharm offre tutte le comodit\u00e0 che ci si aspetta da un centro turistico come casin\u00f2, discoteche e night clubs, corsi di golf e centri benessere. In effetti, con immersioni e snorkeling, sport acquatici, windsurf e altri sports acquatici, escursioni con cavalli e cammello, safari nel deserto, e grandi monumenti antichi nei dintorni, \u00e8 quasi impossibile per un visitatore di sempre soffrire di noia. Quattri miglia a sud della zona meridionale della citt\u00e0, si innalza una rupe che si affaccia sul porto regalando una vista meravigliosa. La spiaggia di Na&#8217;ama \u00e8 uno dei centri delle attivit\u00e0 turistiche. La zona situata a nord di Sharm si sta sviluppando come una localit\u00e0 a s\u00e8 stante. Maggior parte degli hotel di Na&#8217;ama Bay hanno la spiaggia privata con servizi confortevoli, come sdraio, ombrelloni e bars. Anche Shark&#8217;s Bay, che si trova nelle vicinanze, \u00e8 una localit\u00e0 in crescita con molto da offrire, oltre ai tantissimi centri di immersione presenti. Il porticciolo conosciuto con il nome di Sharm El Maya si trova vicino al porto civile, offre ormeggio per le barche e lo Yacht Club con camere. Per chi ama lo shopping, il centro commerciale di Sharm El-Sheikh ha molti negozi, con prodotti sia locali che d&#8217;importazione, come gioiellerie, pelletteria, abbigliamento, ceramiche e libri. Come gi\u00e0 stato detto, Sharm rappresenta una delle mete preferite dai subacquei. Ci sono tantissimi siti di immersione da visitare lungo la spiaggia che si estende per 10 miglia da Sharm El-Sheikh a Ras Nasrani.<\/p>\n<h4>Sharm El Sheikh Google Map<\/h4>\n<div class=\"g-map\"><iframe loading=\"lazy\" src=\"https:\/\/maps.google.com\/maps?f=q&amp;source=s_q&amp;hl=en&amp;geocode=&amp;q=Sharm+el-Sheikh,+Qesm+Sharm+Ash+Sheikh,+South+Sinai,+Egypt&amp;aq=0&amp;oq=sharm+el+sheikh&amp;sll=37.0625,-95.677068&amp;sspn=37.735377,86.572266&amp;ie=UTF8&amp;hq=&amp;hnear=Sharm+el-Sheikh,+Qesm+Sharm+Ash+Sheikh,+South+Sinai,+Egypt&amp;t=m&amp;ll=27.915553,34.329529&amp;spn=0.424722,0.823975&amp;z=10&amp;iwloc=A&amp;output=embed\" height=\"350\" width=\"620\" frameborder=\"0\" marginwidth=\"0\" marginheight=\"0\" scrolling=\"no\"><\/iframe><\/div>\n<h3>Le attivit\u00e0 di Sharm el-Sheikh<\/h3>\n<h4>Le attivit\u00e0 per i bambini<\/h4>\n<p style=\"text-align: justify;\">Sharm el-Sheikh non offre molto in tema di parchi di divertimento per bambini, ma offre il suo patrimonio pi\u00f9 grande: le sue caratteristiche naturali e la sua bellezza. La citt\u00e0 accoglie i bambini, indipendentemente dalla loro et\u00e0.<\/p>\n<h4>Spiagge<\/h4>\n<p style=\"text-align: justify;\">Sono un gran divertimento per i bambini di ogni et\u00e0. Le spiagge di Sharm el-Sheikh possono intrattenere i pi\u00f9 piccoli per ore grazie alla sabbia dorata e all&#8217;acqua cristallina del mare. I bimbi pi\u00f9 grandi possono fare snorkeling nel amre, vicino alla riva, dove si possono ammirare tanti pesci diversi nella forma, nella grandezza e nei colori. I pi\u00f9 piccolini si possono sbizzarrire nella costruzione di giganti castelli di sabbia.<\/p>\n<h4>La barca col fondo di vetro<\/h4>\n<p style=\"text-align: justify;\">Questa \u00e8 un&#8217;escursione in barca con una differenza: il fondo della barca \u00e8 trasparente! E&#8217; ideale per tutta la famiglia ed \u00e8 organizzata ogni giorno per un giro intorno alla baia. Permette a chiunque di scoprire ed ammirare le varie specie di pesci tropicali presenti in queste acque. L&#8217;intera escursione dura all&#8217;incirca un&#8217;ora, giusto il tempo per riuscire a trattenere l&#8217;attenzione dei bimbi pi\u00f9 piccoli.<\/p>\n<h4>Le attivit\u00e0 in Hotel<\/h4>\n<p>Molti degli <a href=\"http:\/\/www.hoteltravel.com\/egypt\/sharm_el_sheikh\/hotels.htm\">hotels<\/a> presenti offrono mini-club e intrattenimento quotidiano per bambini di tutte le et\u00e0. Questi clubs sono perfetti per dare ai genitori la possibilit\u00e0 di rilassarsi un paio d&#8217;ore mentre i figli sono in mani sicure e si divertono assieme ad altri bambini.<\/p>\n<h4>Il Monte Sinai<\/h4>\n<p style=\"text-align: justify;\">Il vasto deserto del Sinai \u00e8 perfetto per le avventure. Si pu\u00f2 decidere di scalare il Monte fino in cima camminando per almeno 3 ore oppure si possono esplorare le pianure che si trovano in questa zona. Gli adulti possono spiegare ai propri figli la storia di Mos\u00e8 e dei 10 comandamenti mentre si trovano in questo posto magico in modo che i figli si rendano conto dell&#8217;importanza della montagna e dei suoi dintorni.<\/p>\n<h4>Le attivit\u00e0 culturali<\/h4>\n<p>Pur non vantando grattacieli moderni, Sharm el-Sheikh ha fascino e una bellezza mistica perch\u00e8 offre luoghi sacri di grande importanza religiosa e la possibilit\u00e0 di fare escursioni nei luoghi culturali pi\u00f9 importanti al mondo.<\/p>\n<h4>Il Monastero di Santa Caterina<\/h4>\n<p style=\"text-align: justify;\">Questo famoso monastero si trova ai piedi del Monte Sinai dove Dio consegn\u00f2 a Mos\u00e8 la tavola dei 10 comandamenti. Abitato da sempre, \u00e8 uno dei pi\u00f9 antichi monasteri cristiani e rappresenta uno dei simboli pi\u00f9 famosi al mondo. La data di costruzione di questo monastero risale ai tempi biblici e ha ricevuto una protezione speciale dal Profeta Maometto nel 625 d.C. Ospita la cappella del roveto ardente e la tomba di Santa Caterina, il cui corpo si credeva esser stato portato via dagli angeli ma fu ritrovato 500 anni pi\u00f9 tardi proprio sulla cima della cappella. Il Monastero \u00e8 stato proclamato dall&#8217;Unesco patrimonio dell&#8217;umanit\u00e0 nel 2002.<\/p>\n<h4>Il Roveto Ardente<\/h4>\n<p>Questo \u00e8 il roveto biblico che si dice che abbia bruciato quando Dio parl\u00f2 a Mos\u00e8 per la prima volta. Il roveto \u00e8 stato rimpiantato nel 10\u00b0 secolo quando fu costruito il tetto alla cappella.<\/p>\n<h4>Il Cairo<\/h4>\n<p style=\"text-align: justify;\">E&#8217; possibile trascorrere qualche giorno della vostra vacanza nel cuore culturale dell&#8217;Egitto, Il Cairo. Si pu\u00f2 prendere un autobus o noleggiare un&#8217; auto. Il Cairo ospita l&#8217;unica attrazione rimanente, considerata una delle sette meraviglie del mondo. le Piramidi di Giza. Troverete anche il Museo Egizio e molti altri affascinanti musei da visitare. Il Cairo \u00e8 sede di numerose gallerie d&#8217;arte che presentano una vasta gamma di opere, che spaziano dall&#8217;arte tradizionale al post-moderno e il moderno.<\/p>\n<h4>I teatri<\/h4>\n<p style=\"text-align: justify;\">La cultura teatrale, mentre non \u00e8 cos\u00ec prolifica come al Cairo, a Sharm vede ancora la sua quota equa di ascolti e di altre prestazioni. Molti sono gli alberghi di lusso che hanno teatri spaziosi, come lo Star Hotel che ospita il Teatro Grand Galaxy dove vengono svolte serate di intrattenimento, nonch\u00e9 spettacoli teatrali durante tutto l&#8217;anno. Vi \u00e8 un grande anfiteatro presso l&#8217;Hotel Grand Rotana. Questo teatro ospita numeri di danza, teatro e spettacoli di intrattenimento durante tutto l&#8217;anno.<\/p>\n<h4>Ristorazione &amp; Shopping<\/h4>\n<p style=\"text-align: justify;\">Sharm offre una vastissima gamma di opzioni per la ristorazione. Se siete disposti a provare qualcosa di nuovo, o iete un p\u00f2 preoccupati su cosa si mangia, tranquilli troverete un&#8217; ampia offerta qui.<\/p>\n<p style=\"text-align: justify;\">La cucina tradizionale egiziana \u00e8 una miscela di ricette arabe, medio-orientali e africane.<\/p>\n<div style=\"text-align: justify;\">\n<div>\n<p>Shish kebabs sono incredibilmente famosi sia tra la gente locale che straniera. Il piccione alla griglia \u00e8 considerato una prelibatezza in tutto l&#8217;Egitto, ma non \u00e8 cos\u00ec popolare fra i turisti. Carni, in particolare pollo o agnello, sono di solito cucinati arrosto o alla griglia.<\/p>\n<p>Le offerte di cibo pi\u00f9 sicure si possono trovare presso gli alberghi internazionali. Qui troverete una cucina standard europea ed americana, spesso con un leggero tocco medio-orientale. Se siete dei mangiatori avventurosi, di sera troverete venditori ambulanti che offrono allettanti shish-kebab e pane fresco, ma attenzione, bisogna essere consapevoli che possono causare disturbi di stomaco, se non siete abituati a cibi piccanti.<\/p>\n<\/div>\n<\/div>\n<div>\n<div>\n<p style=\"text-align: justify;\">\u00a0Se si desidera esplorare le opzioni per la ristorazione a Sharm, uno dei migliori modi per trovare un buon ristorante \u00e8 semplicemente camminando. Le strade della citt\u00e0 offrono numerosi ristoranti, anche se alcuni sono migliori di altri. I ristoranti di pesce, che si trovano di fronte al mare, sono molto popolari e offrono una variet\u00e0 deliziosa di piatti di frutti di mare.<\/p>\n<p style=\"text-align: justify;\">Il centro della citt\u00e0 di Sharm \u00e8 un paradiso per coloro che amano fare acquisti. \u00c8 necessario tuttavia essere consapevoli del fatto che i commercianti sono abituati alla contrattazione, i prezzi iniziali saranno incredibilmente alti. Dovete essere pronti a contrattare e di rifuggire da bevande e cibo gratis. Nelle grandi citt\u00e0 come Il Cairo, offrendo tali non si vincola l&#8217;acquirente, ma a Sharm, accettando una bevanda gratuita contratti quasi a comprare qualcosa.<br \/>\nLa Citt\u00e0 Vecchia \u00e8 sede di alcuni negozi, che sono di propriet\u00e0 dei negozianti meno aggressivi che vendono souvenirs ai visitatori a prezzi molto ragionevoli, non \u00e8 richiesto tanto baratto qui.<\/p>\n<p style=\"text-align: justify;\">Ci sono numerosi bazar coloratissimi e di diverse dimensioni situati nella citt\u00e0. Gli acquisti pi\u00f9 tradizionali sono spezie, t\u00e8, sculture egiziane e t-shirts.\u00a0 Anche se non si vuole comprare qualcosa, i mercati locali sono interessanti da visitare. Rapprensentano un attacco contro i vostri sensi, con un sacco di colori, odori meravigliosi e una variet\u00e0 di rumori.<\/p>\n<p style=\"text-align: justify;\">Sharm offre i souvenirs a prezzi che risultano essere i pi\u00f9 cari della zona, quindi se si vuole veramente rapporto qualit\u00e0 \/ prezzo, sarebbe meglio spostarsi a Dahab e trascorrere una giornata l\u00ec in giro per negozi. Nonostante si trovi a circa 90 km dall&#8217;aeroporto di Sharm, il viaggio verso Dahab e ritorno \u00e8 relativamente poco costoso e rende una gita eccellente.<br \/>\nLa polizia turistica monitora tutti i commercianti per garantire che le merci illegali non vengano vendute e per assicurarsi che i turisti non sia derubati.<\/p>\n<\/div>\n<\/div>\n<h4>Le attivit\u00e0 fuori porta<\/h4>\n<p style=\"text-align: justify;\">Sharm el-Sheikh ospita milioni di turisti ogni anno. Per questo motivo, la citt\u00e0 ha esteso la gamma delle attivit\u00e0 e di servizi da offrire.\u00a0\u00a0 Because of this, the city has expanded its range of activities and facilities that are on offer. La citt\u00e0 risponde a numerose attivit\u00e0, dallo sport come il golf e tennis al go-kart, bungee jumping, equitazione e trekking safari. Sport acquatici come le immersioni subacquee sono immensamente popolari, con il Mar Rosso che \u00e8 uno dei luoghi migliori al mondo per questo sport.<\/p>\n<h4>Equitazione<\/h4>\n<p style=\"text-align: justify;\">Per gli amanti della natura, un pomeriggio di passeggiate a cavallo attraverso la zona circostante e il deserto vi permetter\u00e0 di sperimentare la regione del Sinai nel modo migliore. Ci sono i cavalli a disposizione per tutti, anche per chi non ha mai cavalcato prima d&#8217;ora. E&#8217; consigliabile fare l&#8217;escursione di pomeriggio fino al tramonto visto che i colori offerti da questo momento sono straordinari soprattutto nel deserto e nella zona circostante.<\/p>\n<h4>La Scalata in montagna<\/h4>\n<p>E &#8216;possibile salire la montagna di Santa Caterina, la vetta pi\u00f9 alta dell&#8217; Egitto, passando a 2.624 metri sul livello del mare. Solo scalatori esperti dovrebbe tentare questa salita, che offre una vista mozzafiato su Sharm el-Sheikh e dintorni.<\/p>\n<h4>Le immersioni<\/h4>\n<p style=\"text-align: justify;\">I subacquei visitano Sharm el-Sheikh in massa per avere la possibilit\u00e0 di immergersi nelle acque cristalline del Mar Rosso. Ci sono luoghi meravigliosi da vedere e offrono immersioni indimenticabili, come in nessun&#8217;altra parte del mondo. Sharm ospita tanti centri di immersione con istruttori di grande esperienza cos\u00ec come una vasta gamma di imbarcazioni ed attrezzature per immersioni.<\/p>\n<h4>Trekking<\/h4>\n<p style=\"text-align: justify;\">Molti visitatori amano le avventure di trekking nei parchi nazionali di questo territorio. Il parco pi\u00f9 famoso \u00e8 quello di Ras Mohammed, che si trova proprio sull&#8217;estremit\u00e0 della Penisola del Sinai. Qui, \u00e8 possibile fare trekking attraverso le mangrovie selvaggie e saline, nonch\u00e9 fare trekking attraverso i deserti e le regioni montagnose.<\/p>","protected":false},"excerpt":{"rendered":"<p>Sharm el-Sheikh La semplicit\u00e0 di sole, mare e sabbia. Il lusso degli hotels 5 stelle, sports acquatici, shopping e divertimento. Questa \u00e8 Sharm el-Sheikh, una delle mete turistiche pi\u00f9 accessibili e sviluppate della Penisola del Sinai. Intorno a Sharm, ci sono i Beduini con le loro tende coloratissime, montagne e mare. Si possono trovare hotels [&hellip;]<\/p>\n","protected":false},"author":2,"featured_media":0,"parent":857,"menu_order":3,"comment_status":"closed","ping_status":"closed","template":"","meta":{"footnotes":"","_links_to":"","_links_to_target":""},"_links":{"self":[{"href":"https:\/\/www.dive-club.com\/diveclub\/wp-json\/wp\/v2\/pages\/1110"}],"collection":[{"href":"https:\/\/www.dive-club.com\/diveclub\/wp-json\/wp\/v2\/pages"}],"about":[{"href":"https:\/\/www.dive-club.com\/diveclub\/wp-json\/wp\/v2\/types\/page"}],"author":[{"embeddable":true,"href":"https:\/\/www.dive-club.com\/diveclub\/wp-json\/wp\/v2\/users\/2"}],"replies":[{"embeddable":true,"href":"https:\/\/www.dive-club.com\/diveclub\/wp-json\/wp\/v2\/comments?post=1110"}],"version-history":[{"count":1,"href":"https:\/\/www.dive-club.com\/diveclub\/wp-json\/wp\/v2\/pages\/1110\/revisions"}],"predecessor-version":[{"id":1111,"href":"https:\/\/www.dive-club.com\/diveclub\/wp-json\/wp\/v2\/pages\/1110\/revisions\/1111"}],"up":[{"embeddable":true,"href":"https:\/\/www.dive-club.com\/diveclub\/wp-json\/wp\/v2\/pages\/857"}],"wp:attachment":[{"href":"https:\/\/www.dive-club.com\/diveclub\/wp-json\/wp\/v2\/media?parent=1110"}],"curies":[{"name":"wp","href":"https:\/\/api.w.org\/{rel}","templated":true}]}}