{"id":1292,"date":"2013-02-27T07:50:19","date_gmt":"2013-02-27T07:50:19","guid":{"rendered":"http:\/\/www.dive-club.com\/?page_id=1292"},"modified":"2013-04-09T14:22:17","modified_gmt":"2013-04-09T14:22:17","slug":"il-corso-padi-specialty-instructor","status":"publish","type":"page","link":"https:\/\/www.dive-club.com\/diveclub\/il-corso-divemaster\/il-corso-padi-specialty-instructor\/?lang=it","title":{"rendered":"Il Corso PADI Specialty Instructor"},"content":{"rendered":"<span class=\"aligncenter\"><span class=\"frame\"><a href=\"http:\/\/www.dive-club.com\/diveclub\/wp-content\/uploads\/2013\/02\/The-PADI-Specialty-Instructor-Course.jpg\" title=\"\"  rel=\"prettyPhoto[rt_theme_thumb]\" class=\"imgeffect plus\"><img decoding=\"async\" src=\"http:\/\/www.dive-club.com\/diveclub\/wp-content\/uploads\/2013\/02\/The-PADI-Specialty-Instructor-Course-586x350.jpg\" alt=\"\"  class=\"align\" \/><\/a><\/span><\/span>\n<p style=\"text-align: justify;\">Fai pi\u00f9 immersioni, pi\u00f9 divertimento e insegna i tuoi argomenti preferiti. I corsi per istruttori di specialit\u00e0 forniscono degli ottimi suggerimenti didattici utili a soddisfare le esigenze del corso. \u00c8 possibile scegliere tra 27 corsi di specialit\u00e0 che la PADI offre assieme ai corsi di specialit\u00e0 offerti dal tuo Direttore di corso. Avere cinque specialit\u00e0 istruttore \u00e8 un prerequisito per il Master Scuba Diver Trainer (MSDT). Sfoglia le specialit\u00e0 istruttore pi\u00f9 famose. Non vedi nessuna specializzazione su un argomento che ti interessa? Scrivila tu stesso! E&#8217; facile e ti consente di insegnare ai subacquei ci\u00f2 che pi\u00f9 ti appassiona.<\/p>\n<h5>La parte divertente<\/h5>\n<p style=\"text-align: justify;\">Che si tratti di immersione nei ghiaccio, profonda, Fotografia, aria arricchita Nitrox o uno delle tue personali, Istruttori di Specialit\u00e0 PADI sono immersioni subacquee di formazione. Divertiti!<\/p>\n<ul>\n<li>Come Istruttore di Specialit\u00e0 PADI, sfida i tuoi studenti a diventare Master Scuba Divers<\/li>\n<li>Aumenta per te stesso la possibilit\u00e0 di lavorare come Professionista PADI<\/li>\n<\/ul>\n<h5>Cosa impari<\/h5>\n<p style=\"text-align: justify;\">Come Istruttore Padi di Specialit\u00e0, se ne possiedi solo cinque, sei nella strada giusta per diventare un PADI Master Scuba Diver Trainer<\/p>\n<p style=\"text-align: justify;\">Hai a disposizione 3 modi per diventare Istruttore PADI di Specialit\u00e0:<\/p>\n<ul>\n<li>Con un Direttore di Corso<\/li>\n<li>Usare la tua esperienza rivolgendoti direttamente alla PADI<\/li>\n<li>Scirivi il tuo profilo<\/li>\n<\/ul>\n<h5>Diventare un Istruttore di Specialit\u00e0 con un Direttore di Corso PADI<\/h5>\n<ul>\n<li>10 immersioni di esperienza per ogni singola specialit\u00e0<\/li>\n<li>Non \u00e8 richiesto alcun numero minimo di brevetti<\/li>\n<\/ul>\n<h5>Richiesta diretta alla PADI per Istruttore di Specialit\u00e0<\/h5>\n<ul>\n<li>20 immersioni di esperienza per ogni singola specialit\u00e0<\/li>\n<li>Aver brevettato almeno 25 subacquei prima della richiesta<\/li>\n<\/ul>\n<p style=\"text-align: justify;\">Per il candidato, \u00e8 altamente consigliabile, partecipare ai corsi di formazione. Questi corsi forniscono degli ottimi consigli per la formazione, le dimostrazioni tecniche, informazioni di vendita del corso, seguendo gli standard PADI e, quando applicabile, a livello di addestramento istruttori in acque aperte.<\/p>\n<h4>Cosa puoi insegnare<\/h4>\n<p style=\"text-align: justify;\">le specialit\u00e0 PADI che pi\u00f9 ti piacciono! Dai un occhio e confronta ci\u00f2 che si pu\u00f2 insegnare continuando gli studi come subacqueo professionista.<\/p>\n<h4>L&#8217;attrezzatura da usare<\/h4>\n<p style=\"text-align: justify;\">Avrai bisogno della tua propria attrezzatura di base, alcuni accessori subacquei a secondo della specialit\u00e0 che insegni, come ad esempio la torcia o l&#8217;attrezzatura completa per la fotografia subacquea. Puoi trovare tutto ci\u00f2 nei negozi di subacquea specializzati<\/p>\n<h4>Materiali didattico necessario<\/h4>\n<p style=\"text-align: justify;\">Il Manuale PADI per Istruttori di specialit\u00e0 incluse le guide con tutti gli standard PADI specialit\u00e0 per specialit\u00e0.\u00a0 E&#8217; disponibile anche una versione digitale del manuale in CD-ROM. Una volta registrati, la specialit\u00e0 digitale manuale pu\u00f2 essere aggiornata ad un prezzo scontato. Per acquistare questo prodotto, rivolgersi al negozio IDC PADI 5*o Resort.<\/p>\n<h4>PREREQUISITI:<\/h4>\n<p>Devi aver<\/p>\n<p>\u2022 Rinnovato il brevetto PADI Assistente Istruttore, PADI Istruttore o aver completato l&#8217;IDC o il rpogramma Open Water Scuba Instructor (OWSI) negli ultimi 12 mesi.<\/p>\n<p>PREZZO: Diverso a seconda della specialit\u00e0. Chiedi informazioni e pacchetti disponibili<\/p>\n<p><strong>COME ISCRIVERSI:<\/strong><\/p>\n<p style=\"text-align: justify;\">Un deposito del 50% \u00e8 richiesto 2 settimane prima dell&#8217;inizio del corso. Al momento del ricevimento, vi invieremo le assegnazioni di corso e scheda del programma.<\/p>\n<p>DICHIARAZIONE MEDICA:<\/p>\n<p style=\"text-align: justify;\">Se il partecipante risponde in modo affermativo a una delle domande presenti nell&#8217;anamnesi medica, \u00e8 consigliabile consultare il proprio medico prima di intraprendere l&#8217;attivit\u00e0 subacquea.<\/p>\n<p>CLICCA QUI PER SCARICARE LA\u00a0 <a>DICHIARAZIONE MEDICA<\/a><\/p>","protected":false},"excerpt":{"rendered":"<p>Fai pi\u00f9 immersioni, pi\u00f9 divertimento e insegna i tuoi argomenti preferiti. I corsi per istruttori di specialit\u00e0 forniscono degli ottimi suggerimenti didattici utili a soddisfare le esigenze del corso. \u00c8 possibile scegliere tra 27 corsi di specialit\u00e0 che la PADI offre assieme ai corsi di specialit\u00e0 offerti dal tuo Direttore di corso. Avere cinque specialit\u00e0 [&hellip;]<\/p>\n","protected":false},"author":2,"featured_media":0,"parent":1137,"menu_order":4,"comment_status":"closed","ping_status":"open","template":"","meta":{"footnotes":"","_links_to":"","_links_to_target":""},"_links":{"self":[{"href":"https:\/\/www.dive-club.com\/diveclub\/wp-json\/wp\/v2\/pages\/1292"}],"collection":[{"href":"https:\/\/www.dive-club.com\/diveclub\/wp-json\/wp\/v2\/pages"}],"about":[{"href":"https:\/\/www.dive-club.com\/diveclub\/wp-json\/wp\/v2\/types\/page"}],"author":[{"embeddable":true,"href":"https:\/\/www.dive-club.com\/diveclub\/wp-json\/wp\/v2\/users\/2"}],"replies":[{"embeddable":true,"href":"https:\/\/www.dive-club.com\/diveclub\/wp-json\/wp\/v2\/comments?post=1292"}],"version-history":[{"count":3,"href":"https:\/\/www.dive-club.com\/diveclub\/wp-json\/wp\/v2\/pages\/1292\/revisions"}],"predecessor-version":[{"id":2919,"href":"https:\/\/www.dive-club.com\/diveclub\/wp-json\/wp\/v2\/pages\/1292\/revisions\/2919"}],"up":[{"embeddable":true,"href":"https:\/\/www.dive-club.com\/diveclub\/wp-json\/wp\/v2\/pages\/1137"}],"wp:attachment":[{"href":"https:\/\/www.dive-club.com\/diveclub\/wp-json\/wp\/v2\/media?parent=1292"}],"curies":[{"name":"wp","href":"https:\/\/api.w.org\/{rel}","templated":true}]}}