{"id":914,"date":"2013-02-24T19:06:09","date_gmt":"2013-02-24T19:06:09","guid":{"rendered":"http:\/\/www.dive-club.com\/?page_id=914"},"modified":"2020-01-24T10:09:05","modified_gmt":"2020-01-24T10:09:05","slug":"padi-discover-scuba-diving-kurs","status":"publish","type":"page","link":"https:\/\/www.dive-club.com\/diveclub\/schnuppertauchen\/padi-discover-scuba-diving-kurs\/?lang=de","title":{"rendered":"PADI Discover Scuba Diving Kurs"},"content":{"rendered":"<p style=\"text-align: justify;\"><strong>Die PADI Discover Scuba Diving Erfahrung\u00a0<\/strong><\/p>\n<p style=\"text-align: justify;\">Unter Wasser Atmen!! Wenn du dich schon oft gefragt hast, wie das wohl so ist und es erfahren m\u00f6chtest, ohne gleich einen kompletten Tauchkurs zu machen, kannst du mit dem Programm Discover Scuba Diving herausfinden, ob dir das Tauchen Spass macht.<\/p>\n<span class=\"aligncenter\"><span class=\"frame\"><a href=\"http:\/\/www.dive-club.com\/diveclub\/wp-content\/uploads\/2013\/02\/Discover-Scuba-Diving-Course.jpg\" title=\"\"  rel=\"prettyPhoto[rt_theme_thumb]\" class=\"imgeffect plus\"><img decoding=\"async\" src=\"http:\/\/www.dive-club.com\/diveclub\/wp-content\/uploads\/2013\/02\/Discover-Scuba-Diving-Course-640x350.jpg\" alt=\"\"  class=\"align\" \/><\/a><\/span><\/span>\n<blockquote class=\"pullquote alignright\"><p><span class=\"htext\">PREIS: \u20ac120.00<\/span><\/p>\n<p>Includes all needed equipment. \u00a0 To participate in the Discover Scuba Diving experience, you must be at least 10 years old. MEDICAL FORM: If applicant signs yes to any of the medical history questions, please consult your physician for approval. <a href=\"\/MEDICAL_STATEMENT.pdf\">CLICK HERE TO DOWNLOAD THE MEDICAL STATEMENT<\/a><\/p><\/blockquote>\n<p style=\"text-align: justify;\">Obwohl du nicht mit der Taucherzertifizierung abschliesst, lernst du doch so einiges w\u00e4hrend des Discover Scuba Diving Programms, wie zum Beispiel \u00fcber die Verwendung der Tauchausruestung in flachem Wasser und eine kurze und einfache Einf\u00fchrung, um was es bei der Erkundung der Unterwasserwelt so geht.<\/p>\n<p style=\"text-align: justify;\"><strong>Der Spassfaktor<\/strong><\/p>\n<p style=\"text-align: justify;\">Das erste Mal unter Wasser zu atmen ist eine Erfahrung, die mit nichts zu vergleichen ist. Man braucht nur kurze Zeit, um sich daran zu gew\u00f6hnen &#8211; wir Menschen sind ja nicht von Natur aus daf\u00fcr geschaffen &#8211; aber nach ein paar Minuten voller \u00dcberraschungen erkennen die meisten, wie einfach Tauchen wirklich ist. Die gr\u00f6sste Herausforderung eines Tauchlehrers beim Programm Discover Scuba Diving ist es nicht, die Teilnehmer ins Wasser, sondern aus dem Wasser zu bringen, wenn das Programm zu Ende geht. Wo ist der Faktor Spass? Alles ist Spass!<\/p>\n<div style=\"text-align: justify;\">Zus\u00e4tzlich kannst du Punkte sammeln! Wenn dein Discover Scuba Diving Programm einen Freiwassertauchgang beinhaltet, kann dieser auf die Tauchkurse PADI\u00a0Scuba Diver und PADI Open Water Diver angerechnet werden, die mit der Ausstellung eines Tauchscheins abschliessen. Damit hast du einen Vorsprung, wenn du dich f\u00fcr das Sporttauchen entscheidest.<\/div>\n<div style=\"text-align: justify;\"><\/div>\n<p style=\"text-align: justify;\"><strong>Lerninhalte<\/strong><\/p>\n<p style=\"text-align: justify;\">Du lernst die grundlegenden Tauchfertigkeiten, um unter der direkten Aufsicht eines PADI Tauchprofis zu tauchen.\u00a0Atmen unter Wasser ist eine davon, ob du willst oder nicht. Du wirst auch:<\/p>\n<p style=\"text-align: justify;\">Lernen, wie es sich anf\u00fchlt,\u00a0Tauchausruestung zu tragen und wie einfach es ist, sich damit unter Wasser zu bewegen.<\/p>\n<div style=\"text-align: justify;\">Herausfinden, wie einfach Atmen unter Wasser ist und ob du dich dabei wohl f\u00fchlst.<\/div>\n<div><\/div>\n<div style=\"text-align: justify;\">Einige grundlegende Fertigkeiten und Sicherheitsregeln lernen, die deinem kompletten Tauchkurs angerechnet werden k\u00f6nnen, wenn du dich f\u00fcr den n\u00e4chsten Schritt entscheidest.<\/div>\n<div><\/div>\n<p style=\"text-align: justify;\"><strong>Deine verwendete Tauchausr\u00fcstung<\/strong><\/p>\n<div style=\"text-align: justify;\">Im PADI DSD Kurs lernst du den Umgang mit der Grundtauchausruestung.<\/div>\n<div style=\"text-align: justify;\">Waerend des Kurses wirst du folgende Tauchausruestung kennenlernen. Maske, Schnorchel und Flossen, Tarierweste und Lungenautomat, alternative Luftversorgung, Bleigewichte und Flasche.<\/div>\n<div><\/div>\n<p style=\"text-align: justify;\"><strong>Du ben\u00f6tigst folgende Lernmaterialien<\/strong><\/p>\n<div style=\"text-align: justify;\">Du musst nur dein Interesse und deine ungeteilte Aufmerksamkeit mitbringen.<\/div>\n<div><\/div>\n<p style=\"text-align: justify;\"><strong>Teilnahmevoraussetzungen<\/strong><\/p>\n<p style=\"text-align: justify;\">Um am Discover Scuba Diving Programm teilnehmen zu k\u00f6nnen, musst\u00a0Du:<\/p>\n<div style=\"text-align: justify;\">Mindestens 10 Jahre alt sein.<\/div>\n<div style=\"text-align: justify;\">Kursteilnehmer muessen in der Lage sein eine Strecke von mind. 200 Meter zu schwimmen.<\/div>","protected":false},"excerpt":{"rendered":"<p>Die PADI Discover Scuba Diving Erfahrung\u00a0 Unter Wasser Atmen!! Wenn du dich schon oft gefragt hast, wie das wohl so ist und es erfahren m\u00f6chtest, ohne gleich einen kompletten Tauchkurs zu machen, kannst du mit dem Programm Discover Scuba Diving herausfinden, ob dir das Tauchen Spass macht. PREIS: \u20ac120.00 Includes all needed equipment. \u00a0 To [&hellip;]<\/p>\n","protected":false},"author":2,"featured_media":0,"parent":902,"menu_order":2,"comment_status":"closed","ping_status":"open","template":"","meta":{"footnotes":"","_links_to":"","_links_to_target":""},"_links":{"self":[{"href":"https:\/\/www.dive-club.com\/diveclub\/wp-json\/wp\/v2\/pages\/914"}],"collection":[{"href":"https:\/\/www.dive-club.com\/diveclub\/wp-json\/wp\/v2\/pages"}],"about":[{"href":"https:\/\/www.dive-club.com\/diveclub\/wp-json\/wp\/v2\/types\/page"}],"author":[{"embeddable":true,"href":"https:\/\/www.dive-club.com\/diveclub\/wp-json\/wp\/v2\/users\/2"}],"replies":[{"embeddable":true,"href":"https:\/\/www.dive-club.com\/diveclub\/wp-json\/wp\/v2\/comments?post=914"}],"version-history":[{"count":6,"href":"https:\/\/www.dive-club.com\/diveclub\/wp-json\/wp\/v2\/pages\/914\/revisions"}],"predecessor-version":[{"id":4025,"href":"https:\/\/www.dive-club.com\/diveclub\/wp-json\/wp\/v2\/pages\/914\/revisions\/4025"}],"up":[{"embeddable":true,"href":"https:\/\/www.dive-club.com\/diveclub\/wp-json\/wp\/v2\/pages\/902"}],"wp:attachment":[{"href":"https:\/\/www.dive-club.com\/diveclub\/wp-json\/wp\/v2\/media?parent=914"}],"curies":[{"name":"wp","href":"https:\/\/api.w.org\/{rel}","templated":true}]}}